{"id":654,"date":"2021-01-14T23:41:45","date_gmt":"2021-01-14T22:41:45","guid":{"rendered":"http:\/\/149.156.155.135\/?page_id=654"},"modified":"2026-01-16T23:06:57","modified_gmt":"2026-01-16T22:06:57","slug":"ips-o-specjalnosci","status":"publish","type":"page","link":"https:\/\/m8.mech.pk.edu.pl\/index.php\/inzynieria-pojazdow-szynowych\/ips-o-specjalnosci\/","title":{"rendered":"In\u017cynieria Pojazd\u00f3w Szynowych &#8211; O SPECJALNO\u015aCI"},"content":{"rendered":"\n<div class=\"wp-block-columns is-layout-flex wp-container-core-columns-is-layout-9d6595d7 wp-block-columns-is-layout-flex\">\n<div class=\"wp-block-column is-layout-flow wp-block-column-is-layout-flow\">\n<p class=\"has-medium-font-size\">G\u0142\u00f3wnym za\u0142o\u017ceniem tej dualnej specjalno\u015bci jest \u015bcis\u0142a wsp\u00f3\u0142praca z przedsi\u0119biorstwami bran\u017cowymi. Grupy studenckie licz\u0105ce maksymalnie 15 os\u00f3b, spe\u0142niaj\u0105 za\u0142o\u017cenia idei <strong>\u201emistrz \u2013 ucze\u0144\u201d<\/strong> czyli zapewnienia odpowiedniego kontaktu dydaktycznego studenta z wyk\u0142adowc\u0105 i wysoko kwalifikowanymi praktykami z bran\u017cy.<\/p>\n\n\n\n<p class=\"has-medium-font-size\">Zaj\u0119cia s\u0105 prowadzone przez nauczycieli akademickich Politechniki Krakowskiej jak r\u00f3wnie\u017c przedstawicieli przemys\u0142u oraz przedsi\u0119biorstw i instytucji bran\u017cowych zajmuj\u0105cych si\u0119 projektowaniem, produkcj\u0105, eksploatacj\u0105 pojazd\u00f3w, ich komponent\u00f3w lub system\u00f3w.&nbsp;<\/p>\n<\/div>\n\n\n\n<div class=\"wp-block-column is-layout-flow wp-block-column-is-layout-flow\">\n<figure class=\"wp-block-embed is-type-video is-provider-youtube wp-block-embed-youtube wp-embed-aspect-16-9 wp-has-aspect-ratio\"><div class=\"wp-block-embed__wrapper\">\n<iframe loading=\"lazy\" title=\"In\u017cynieria Pojazd\u00f3w Szynowych - specjalno\u015b\u0107 dualna\" width=\"710\" height=\"399\" src=\"https:\/\/www.youtube.com\/embed\/A46icpULMg0?feature=oembed\" frameborder=\"0\" allow=\"accelerometer; autoplay; clipboard-write; encrypted-media; gyroscope; picture-in-picture; web-share\" referrerpolicy=\"strict-origin-when-cross-origin\" allowfullscreen><\/iframe>\n<\/div><\/figure>\n<\/div>\n<\/div>\n\n\n\n<p class=\"has-medium-font-size\"><\/p>\n\n\n<div class=\"wp-block-image is-style-default\">\n<figure class=\"aligncenter size-full is-resized\"><img loading=\"lazy\" decoding=\"async\" width=\"600\" height=\"627\" src=\"https:\/\/m8.mech.pk.edu.pl\/wp-content\/uploads\/2025\/02\/ips-partnerzy-2025.jpg\" alt=\"\" class=\"wp-image-5635\" style=\"width:628px;height:auto\" srcset=\"https:\/\/m8.mech.pk.edu.pl\/wp-content\/uploads\/2025\/02\/ips-partnerzy-2025.jpg 600w, https:\/\/m8.mech.pk.edu.pl\/wp-content\/uploads\/2025\/02\/ips-partnerzy-2025-287x300.jpg 287w\" sizes=\"auto, (max-width: 600px) 100vw, 600px\" \/><\/figure>\n<\/div>\n\n\n<div class=\"wp-block-columns is-layout-flex wp-container-core-columns-is-layout-9d6595d7 wp-block-columns-is-layout-flex\">\n<div class=\"wp-block-column is-layout-flow wp-block-column-is-layout-flow\">\n<p class=\"has-medium-font-size\">Najwi\u0119ksz\u0105 innowacj\u0105 w stosunku do innych prowadzonych specjalno\u015bci s\u0105 <strong>p\u0142atne<\/strong> <strong>sta\u017ce in\u017cynierskie<\/strong> (z mo\u017cliwo\u015bci\u0105 zatrudnienia na umow\u0119 o prac\u0119) trwaj\u0105ce przez ca\u0142y ostatni semestr w wybranym przedsi\u0119biorstwie. Podczas sta\u017cu student efektywnie wykorzystuje zdobyt\u0105 na uczelni wiedz\u0119 oraz umiej\u0119tno\u015bci. Pracuje, realizuj\u0105c konkretne zadania z profilu kompetencyjnego wybranej firmy lub instytucji, u\u017cywaj\u0105c te\u017c system\u00f3w informatycznych, kt\u00f3rych obs\u0142ugi nauczy\u0142 si\u0119 podczas laboratori\u00f3w komputerowych na uczelni. Praca dyplomowa in\u017cynierska jest realizowana z tematyki zwi\u0105zanej, z&nbsp;projektami wykonywanymi podczas sta\u017cu w przemy\u015ble pod kierunkiem dw\u00f3ch promotor\u00f3w: przedstawicieli uczelni i przemys\u0142u.<\/p>\n<\/div>\n<\/div>\n\n\n<div class=\"wp-block-image is-style-default\">\n<figure class=\"aligncenter size-large is-resized\"><a href=\"http:\/\/149.156.155.135\/wp-content\/uploads\/2021\/01\/IPS-IST-1d.jpg\"><img decoding=\"async\" src=\"https:\/\/m8.mech.pk.edu.pl\/wp-content\/uploads\/2021\/01\/IPS-IST-1d.jpg\" alt=\"\" style=\"width:720px;height:319px\"\/><\/a><\/figure>\n<\/div>\n\n\n<div class=\"wp-block-columns is-layout-flex wp-container-core-columns-is-layout-9d6595d7 wp-block-columns-is-layout-flex\">\n<div class=\"wp-block-column is-layout-flow wp-block-column-is-layout-flow\">\n<p class=\"has-text-align-left has-medium-font-size\">Studenci na omawianej specjalno\u015bci s\u0105 przygotowani do przysz\u0142ej pracy zawodowej w profilach kompetencyjnych takich jak np.: <strong>konstruktor mechanik, technolog mechanik, in\u017cynier ds. oblicze\u0144, in\u017cynier projektu, in\u017cynier ds. eksploatacji, in\u017cynier ds. utrzymania, <strong>in\u017cynier serwisu<\/strong>.<\/strong><\/p>\n<\/div>\n\n\n\n<div class=\"wp-block-column is-layout-flow wp-block-column-is-layout-flow\">\n<p class=\"has-text-align-center has-medium-font-size\">Pod poni\u017cszym linkiem zamieszczona jest pe\u0142na prezentacja specjalno\u015bci<br> wraz z opisem programu nauczania:<\/p>\n\n\n<div class=\"wp-block-image is-style-default\">\n<figure class=\"aligncenter size-full is-resized\"><a href=\"https:\/\/m8.mech.pk.edu.pl\/wp-content\/uploads\/2023\/01\/IPS-Prezentacja-2023-STiL.pdf\"><img loading=\"lazy\" decoding=\"async\" width=\"960\" height=\"720\" src=\"https:\/\/m8.mech.pk.edu.pl\/wp-content\/uploads\/2023\/01\/IPS-Prezentacja-2023-STiL.jpg\" alt=\"\" class=\"wp-image-3376\" style=\"width:240px;height:180px\" srcset=\"https:\/\/m8.mech.pk.edu.pl\/wp-content\/uploads\/2023\/01\/IPS-Prezentacja-2023-STiL.jpg 960w, https:\/\/m8.mech.pk.edu.pl\/wp-content\/uploads\/2023\/01\/IPS-Prezentacja-2023-STiL-300x225.jpg 300w, https:\/\/m8.mech.pk.edu.pl\/wp-content\/uploads\/2023\/01\/IPS-Prezentacja-2023-STiL-768x576.jpg 768w\" sizes=\"auto, (max-width: 960px) 100vw, 960px\" \/><\/a><\/figure>\n<\/div><\/div>\n<\/div>\n\n\n<div class=\"wp-block-image is-style-default\">\n<figure class=\"aligncenter size-large\"><img decoding=\"async\" src=\"https:\/\/m8.mech.pk.edu.pl\/wp-content\/uploads\/2021\/01\/ips-naglowek6-1024x396.jpg\" alt=\"\"\/><\/figure>\n<\/div>\n\n\n<p>Opiekun specjalno\u015bci: <strong>dr Maciej G\u00f3rowski &#8211; <a href=\"mailto:maciej.gorowski@pk.edu.pl\">maciej.gorowski@pk.edu.pl<\/a><\/strong><\/p>\n","protected":false},"excerpt":{"rendered":"<p>G\u0142\u00f3wnym za\u0142o\u017ceniem tej dualnej specjalno\u015bci jest \u015bcis\u0142a wsp\u00f3\u0142praca z przedsi\u0119biorstwami bran\u017cowymi. Grupy studenckie licz\u0105ce maksymalnie 15 os\u00f3b, spe\u0142niaj\u0105 za\u0142o\u017cenia idei \u201emistrz \u2013 ucze\u0144\u201d czyli zapewnienia odpowiedniego kontaktu dydaktycznego studenta z wyk\u0142adowc\u0105 i wysoko kwalifikowanymi praktykami z bran\u017cy. Zaj\u0119cia s\u0105 prowadzone przez nauczycieli akademickich Politechniki Krakowskiej jak r\u00f3wnie\u017c przedstawicieli przemys\u0142u oraz przedsi\u0119biorstw i instytucji bran\u017cowych zajmuj\u0105cych [&hellip;]<\/p>\n","protected":false},"author":5,"featured_media":0,"parent":208,"menu_order":0,"comment_status":"closed","ping_status":"closed","template":"","meta":{"footnotes":""},"class_list":["post-654","page","type-page","status-publish","hentry"],"yoast_head":"<!-- This site is optimized with the Yoast SEO plugin v27.4 - https:\/\/yoast.com\/product\/yoast-seo-wordpress\/ -->\n<title>In\u017cynieria Pojazd\u00f3w Szynowych - O SPECJALNO\u015aCI - Katedra Pojazd\u00f3w Szynowych i Transportu<\/title>\n<meta name=\"robots\" content=\"index, follow, max-snippet:-1, max-image-preview:large, max-video-preview:-1\" \/>\n<link rel=\"canonical\" href=\"https:\/\/m8.mech.pk.edu.pl\/index.php\/inzynieria-pojazdow-szynowych\/ips-o-specjalnosci\/\" \/>\n<meta property=\"og:locale\" content=\"pl_PL\" \/>\n<meta property=\"og:type\" content=\"article\" \/>\n<meta property=\"og:title\" content=\"In\u017cynieria Pojazd\u00f3w Szynowych - O SPECJALNO\u015aCI - Katedra Pojazd\u00f3w Szynowych i Transportu\" \/>\n<meta property=\"og:description\" content=\"G\u0142\u00f3wnym za\u0142o\u017ceniem tej dualnej specjalno\u015bci jest \u015bcis\u0142a wsp\u00f3\u0142praca z przedsi\u0119biorstwami bran\u017cowymi. Grupy studenckie licz\u0105ce maksymalnie 15 os\u00f3b, spe\u0142niaj\u0105 za\u0142o\u017cenia idei \u201emistrz \u2013 ucze\u0144\u201d czyli zapewnienia odpowiedniego kontaktu dydaktycznego studenta z wyk\u0142adowc\u0105 i wysoko kwalifikowanymi praktykami z bran\u017cy. Zaj\u0119cia s\u0105 prowadzone przez nauczycieli akademickich Politechniki Krakowskiej jak r\u00f3wnie\u017c przedstawicieli przemys\u0142u oraz przedsi\u0119biorstw i instytucji bran\u017cowych zajmuj\u0105cych [&hellip;]\" \/>\n<meta property=\"og:url\" content=\"https:\/\/m8.mech.pk.edu.pl\/index.php\/inzynieria-pojazdow-szynowych\/ips-o-specjalnosci\/\" \/>\n<meta property=\"og:site_name\" content=\"Katedra Pojazd\u00f3w Szynowych i Transportu\" \/>\n<meta property=\"article:publisher\" content=\"https:\/\/facebook.com\/KPSzTPK\" \/>\n<meta property=\"article:modified_time\" content=\"2026-01-16T22:06:57+00:00\" \/>\n<meta property=\"og:image\" content=\"https:\/\/m8.mech.pk.edu.pl\/wp-content\/uploads\/2025\/02\/ips-partnerzy-2025.jpg\" \/>\n\t<meta property=\"og:image:width\" content=\"600\" \/>\n\t<meta property=\"og:image:height\" content=\"627\" \/>\n\t<meta property=\"og:image:type\" content=\"image\/jpeg\" \/>\n<meta name=\"twitter:card\" content=\"summary_large_image\" \/>\n<meta name=\"twitter:label1\" content=\"Szacowany czas czytania\" \/>\n\t<meta name=\"twitter:data1\" content=\"3 minuty\" \/>\n<script type=\"application\/ld+json\" class=\"yoast-schema-graph\">{\"@context\":\"https:\\\/\\\/schema.org\",\"@graph\":[{\"@type\":\"WebPage\",\"@id\":\"https:\\\/\\\/m8.mech.pk.edu.pl\\\/index.php\\\/inzynieria-pojazdow-szynowych\\\/ips-o-specjalnosci\\\/\",\"url\":\"https:\\\/\\\/m8.mech.pk.edu.pl\\\/index.php\\\/inzynieria-pojazdow-szynowych\\\/ips-o-specjalnosci\\\/\",\"name\":\"In\u017cynieria Pojazd\u00f3w Szynowych - O SPECJALNO\u015aCI - Katedra Pojazd\u00f3w Szynowych i Transportu\",\"isPartOf\":{\"@id\":\"https:\\\/\\\/m8.mech.pk.edu.pl\\\/#website\"},\"primaryImageOfPage\":{\"@id\":\"https:\\\/\\\/m8.mech.pk.edu.pl\\\/index.php\\\/inzynieria-pojazdow-szynowych\\\/ips-o-specjalnosci\\\/#primaryimage\"},\"image\":{\"@id\":\"https:\\\/\\\/m8.mech.pk.edu.pl\\\/index.php\\\/inzynieria-pojazdow-szynowych\\\/ips-o-specjalnosci\\\/#primaryimage\"},\"thumbnailUrl\":\"https:\\\/\\\/m8.mech.pk.edu.pl\\\/wp-content\\\/uploads\\\/2025\\\/02\\\/ips-partnerzy-2025.jpg\",\"datePublished\":\"2021-01-14T22:41:45+00:00\",\"dateModified\":\"2026-01-16T22:06:57+00:00\",\"breadcrumb\":{\"@id\":\"https:\\\/\\\/m8.mech.pk.edu.pl\\\/index.php\\\/inzynieria-pojazdow-szynowych\\\/ips-o-specjalnosci\\\/#breadcrumb\"},\"inLanguage\":\"pl-PL\",\"potentialAction\":[{\"@type\":\"ReadAction\",\"target\":[\"https:\\\/\\\/m8.mech.pk.edu.pl\\\/index.php\\\/inzynieria-pojazdow-szynowych\\\/ips-o-specjalnosci\\\/\"]}]},{\"@type\":\"ImageObject\",\"inLanguage\":\"pl-PL\",\"@id\":\"https:\\\/\\\/m8.mech.pk.edu.pl\\\/index.php\\\/inzynieria-pojazdow-szynowych\\\/ips-o-specjalnosci\\\/#primaryimage\",\"url\":\"https:\\\/\\\/m8.mech.pk.edu.pl\\\/wp-content\\\/uploads\\\/2025\\\/02\\\/ips-partnerzy-2025.jpg\",\"contentUrl\":\"https:\\\/\\\/m8.mech.pk.edu.pl\\\/wp-content\\\/uploads\\\/2025\\\/02\\\/ips-partnerzy-2025.jpg\",\"width\":600,\"height\":627},{\"@type\":\"BreadcrumbList\",\"@id\":\"https:\\\/\\\/m8.mech.pk.edu.pl\\\/index.php\\\/inzynieria-pojazdow-szynowych\\\/ips-o-specjalnosci\\\/#breadcrumb\",\"itemListElement\":[{\"@type\":\"ListItem\",\"position\":1,\"name\":\"Strona g\u0142\u00f3wna\",\"item\":\"https:\\\/\\\/m8.mech.pk.edu.pl\\\/\"},{\"@type\":\"ListItem\",\"position\":2,\"name\":\"In\u017cynieria Pojazd\u00f3w Szynowych\",\"item\":\"https:\\\/\\\/m8.mech.pk.edu.pl\\\/index.php\\\/inzynieria-pojazdow-szynowych\\\/\"},{\"@type\":\"ListItem\",\"position\":3,\"name\":\"In\u017cynieria Pojazd\u00f3w Szynowych &#8211; O SPECJALNO\u015aCI\"}]},{\"@type\":\"WebSite\",\"@id\":\"https:\\\/\\\/m8.mech.pk.edu.pl\\\/#website\",\"url\":\"https:\\\/\\\/m8.mech.pk.edu.pl\\\/\",\"name\":\"Katedra Pojazd\u00f3w Szynowych i Transportu\",\"description\":\"Katedra Pojazd\u00f3w Szynowych i Transportu Politechniki Krakowskiej na Wydziale Mechanicznym\",\"publisher\":{\"@id\":\"https:\\\/\\\/m8.mech.pk.edu.pl\\\/#organization\"},\"potentialAction\":[{\"@type\":\"SearchAction\",\"target\":{\"@type\":\"EntryPoint\",\"urlTemplate\":\"https:\\\/\\\/m8.mech.pk.edu.pl\\\/?s={search_term_string}\"},\"query-input\":{\"@type\":\"PropertyValueSpecification\",\"valueRequired\":true,\"valueName\":\"search_term_string\"}}],\"inLanguage\":\"pl-PL\"},{\"@type\":\"Organization\",\"@id\":\"https:\\\/\\\/m8.mech.pk.edu.pl\\\/#organization\",\"name\":\"Katedra Pojazd\u00f3w Szynowych\",\"url\":\"https:\\\/\\\/m8.mech.pk.edu.pl\\\/\",\"logo\":{\"@type\":\"ImageObject\",\"inLanguage\":\"pl-PL\",\"@id\":\"https:\\\/\\\/m8.mech.pk.edu.pl\\\/#\\\/schema\\\/logo\\\/image\\\/\",\"url\":\"https:\\\/\\\/m8.mech.pk.edu.pl\\\/wp-content\\\/uploads\\\/2021\\\/01\\\/logo-mail-kpsit.png\",\"contentUrl\":\"https:\\\/\\\/m8.mech.pk.edu.pl\\\/wp-content\\\/uploads\\\/2021\\\/01\\\/logo-mail-kpsit.png\",\"width\":300,\"height\":119,\"caption\":\"Katedra Pojazd\u00f3w Szynowych\"},\"image\":{\"@id\":\"https:\\\/\\\/m8.mech.pk.edu.pl\\\/#\\\/schema\\\/logo\\\/image\\\/\"},\"sameAs\":[\"https:\\\/\\\/facebook.com\\\/KPSzTPK\",\"https:\\\/\\\/www.youtube.com\\\/channel\\\/UCen3PQ3fl3ry92o_lHkyVaQ\"]}]}<\/script>\n<!-- \/ Yoast SEO plugin. -->","yoast_head_json":{"title":"In\u017cynieria Pojazd\u00f3w Szynowych - O SPECJALNO\u015aCI - Katedra Pojazd\u00f3w Szynowych i Transportu","robots":{"index":"index","follow":"follow","max-snippet":"max-snippet:-1","max-image-preview":"max-image-preview:large","max-video-preview":"max-video-preview:-1"},"canonical":"https:\/\/m8.mech.pk.edu.pl\/index.php\/inzynieria-pojazdow-szynowych\/ips-o-specjalnosci\/","og_locale":"pl_PL","og_type":"article","og_title":"In\u017cynieria Pojazd\u00f3w Szynowych - O SPECJALNO\u015aCI - Katedra Pojazd\u00f3w Szynowych i Transportu","og_description":"G\u0142\u00f3wnym za\u0142o\u017ceniem tej dualnej specjalno\u015bci jest \u015bcis\u0142a wsp\u00f3\u0142praca z przedsi\u0119biorstwami bran\u017cowymi. Grupy studenckie licz\u0105ce maksymalnie 15 os\u00f3b, spe\u0142niaj\u0105 za\u0142o\u017cenia idei \u201emistrz \u2013 ucze\u0144\u201d czyli zapewnienia odpowiedniego kontaktu dydaktycznego studenta z wyk\u0142adowc\u0105 i wysoko kwalifikowanymi praktykami z bran\u017cy. Zaj\u0119cia s\u0105 prowadzone przez nauczycieli akademickich Politechniki Krakowskiej jak r\u00f3wnie\u017c przedstawicieli przemys\u0142u oraz przedsi\u0119biorstw i instytucji bran\u017cowych zajmuj\u0105cych [&hellip;]","og_url":"https:\/\/m8.mech.pk.edu.pl\/index.php\/inzynieria-pojazdow-szynowych\/ips-o-specjalnosci\/","og_site_name":"Katedra Pojazd\u00f3w Szynowych i Transportu","article_publisher":"https:\/\/facebook.com\/KPSzTPK","article_modified_time":"2026-01-16T22:06:57+00:00","og_image":[{"width":600,"height":627,"url":"https:\/\/m8.mech.pk.edu.pl\/wp-content\/uploads\/2025\/02\/ips-partnerzy-2025.jpg","type":"image\/jpeg"}],"twitter_card":"summary_large_image","twitter_misc":{"Szacowany czas czytania":"3 minuty"},"schema":{"@context":"https:\/\/schema.org","@graph":[{"@type":"WebPage","@id":"https:\/\/m8.mech.pk.edu.pl\/index.php\/inzynieria-pojazdow-szynowych\/ips-o-specjalnosci\/","url":"https:\/\/m8.mech.pk.edu.pl\/index.php\/inzynieria-pojazdow-szynowych\/ips-o-specjalnosci\/","name":"In\u017cynieria Pojazd\u00f3w Szynowych - O SPECJALNO\u015aCI - Katedra Pojazd\u00f3w Szynowych i Transportu","isPartOf":{"@id":"https:\/\/m8.mech.pk.edu.pl\/#website"},"primaryImageOfPage":{"@id":"https:\/\/m8.mech.pk.edu.pl\/index.php\/inzynieria-pojazdow-szynowych\/ips-o-specjalnosci\/#primaryimage"},"image":{"@id":"https:\/\/m8.mech.pk.edu.pl\/index.php\/inzynieria-pojazdow-szynowych\/ips-o-specjalnosci\/#primaryimage"},"thumbnailUrl":"https:\/\/m8.mech.pk.edu.pl\/wp-content\/uploads\/2025\/02\/ips-partnerzy-2025.jpg","datePublished":"2021-01-14T22:41:45+00:00","dateModified":"2026-01-16T22:06:57+00:00","breadcrumb":{"@id":"https:\/\/m8.mech.pk.edu.pl\/index.php\/inzynieria-pojazdow-szynowych\/ips-o-specjalnosci\/#breadcrumb"},"inLanguage":"pl-PL","potentialAction":[{"@type":"ReadAction","target":["https:\/\/m8.mech.pk.edu.pl\/index.php\/inzynieria-pojazdow-szynowych\/ips-o-specjalnosci\/"]}]},{"@type":"ImageObject","inLanguage":"pl-PL","@id":"https:\/\/m8.mech.pk.edu.pl\/index.php\/inzynieria-pojazdow-szynowych\/ips-o-specjalnosci\/#primaryimage","url":"https:\/\/m8.mech.pk.edu.pl\/wp-content\/uploads\/2025\/02\/ips-partnerzy-2025.jpg","contentUrl":"https:\/\/m8.mech.pk.edu.pl\/wp-content\/uploads\/2025\/02\/ips-partnerzy-2025.jpg","width":600,"height":627},{"@type":"BreadcrumbList","@id":"https:\/\/m8.mech.pk.edu.pl\/index.php\/inzynieria-pojazdow-szynowych\/ips-o-specjalnosci\/#breadcrumb","itemListElement":[{"@type":"ListItem","position":1,"name":"Strona g\u0142\u00f3wna","item":"https:\/\/m8.mech.pk.edu.pl\/"},{"@type":"ListItem","position":2,"name":"In\u017cynieria Pojazd\u00f3w Szynowych","item":"https:\/\/m8.mech.pk.edu.pl\/index.php\/inzynieria-pojazdow-szynowych\/"},{"@type":"ListItem","position":3,"name":"In\u017cynieria Pojazd\u00f3w Szynowych &#8211; O SPECJALNO\u015aCI"}]},{"@type":"WebSite","@id":"https:\/\/m8.mech.pk.edu.pl\/#website","url":"https:\/\/m8.mech.pk.edu.pl\/","name":"Katedra Pojazd\u00f3w Szynowych i Transportu","description":"Katedra Pojazd\u00f3w Szynowych i Transportu Politechniki Krakowskiej na Wydziale Mechanicznym","publisher":{"@id":"https:\/\/m8.mech.pk.edu.pl\/#organization"},"potentialAction":[{"@type":"SearchAction","target":{"@type":"EntryPoint","urlTemplate":"https:\/\/m8.mech.pk.edu.pl\/?s={search_term_string}"},"query-input":{"@type":"PropertyValueSpecification","valueRequired":true,"valueName":"search_term_string"}}],"inLanguage":"pl-PL"},{"@type":"Organization","@id":"https:\/\/m8.mech.pk.edu.pl\/#organization","name":"Katedra Pojazd\u00f3w Szynowych","url":"https:\/\/m8.mech.pk.edu.pl\/","logo":{"@type":"ImageObject","inLanguage":"pl-PL","@id":"https:\/\/m8.mech.pk.edu.pl\/#\/schema\/logo\/image\/","url":"https:\/\/m8.mech.pk.edu.pl\/wp-content\/uploads\/2021\/01\/logo-mail-kpsit.png","contentUrl":"https:\/\/m8.mech.pk.edu.pl\/wp-content\/uploads\/2021\/01\/logo-mail-kpsit.png","width":300,"height":119,"caption":"Katedra Pojazd\u00f3w Szynowych"},"image":{"@id":"https:\/\/m8.mech.pk.edu.pl\/#\/schema\/logo\/image\/"},"sameAs":["https:\/\/facebook.com\/KPSzTPK","https:\/\/www.youtube.com\/channel\/UCen3PQ3fl3ry92o_lHkyVaQ"]}]}},"_links":{"self":[{"href":"https:\/\/m8.mech.pk.edu.pl\/index.php\/wp-json\/wp\/v2\/pages\/654","targetHints":{"allow":["GET"]}}],"collection":[{"href":"https:\/\/m8.mech.pk.edu.pl\/index.php\/wp-json\/wp\/v2\/pages"}],"about":[{"href":"https:\/\/m8.mech.pk.edu.pl\/index.php\/wp-json\/wp\/v2\/types\/page"}],"author":[{"embeddable":true,"href":"https:\/\/m8.mech.pk.edu.pl\/index.php\/wp-json\/wp\/v2\/users\/5"}],"replies":[{"embeddable":true,"href":"https:\/\/m8.mech.pk.edu.pl\/index.php\/wp-json\/wp\/v2\/comments?post=654"}],"version-history":[{"count":55,"href":"https:\/\/m8.mech.pk.edu.pl\/index.php\/wp-json\/wp\/v2\/pages\/654\/revisions"}],"predecessor-version":[{"id":6129,"href":"https:\/\/m8.mech.pk.edu.pl\/index.php\/wp-json\/wp\/v2\/pages\/654\/revisions\/6129"}],"up":[{"embeddable":true,"href":"https:\/\/m8.mech.pk.edu.pl\/index.php\/wp-json\/wp\/v2\/pages\/208"}],"wp:attachment":[{"href":"https:\/\/m8.mech.pk.edu.pl\/index.php\/wp-json\/wp\/v2\/media?parent=654"}],"curies":[{"name":"wp","href":"https:\/\/api.w.org\/{rel}","templated":true}]}}