{"id":55,"date":"2021-01-07T13:24:50","date_gmt":"2021-01-07T12:24:50","guid":{"rendered":"http:\/\/149.156.155.135\/?page_id=55"},"modified":"2025-12-02T20:29:40","modified_gmt":"2025-12-02T19:29:40","slug":"egzamin-dyplomowy","status":"publish","type":"page","link":"https:\/\/m8.mech.pk.edu.pl\/index.php\/egzamin-dyplomowy\/","title":{"rendered":"Egzamin dyplomowy"},"content":{"rendered":"\n<p class=\"has-medium-font-size\">Katedra Prowadzi prace dyplomowe dla studi\u00f3w I i II stopnia. Poni\u017cej znajduje si\u0119 odno\u015bnik do wytycznych tworzenia prac dyplomowych oraz obowi\u0105zuj\u0105cych procedur.<\/p>\n\n\n\n<p class=\"has-medium-font-size\"><strong><a href=\"https:\/\/mech.pk.edu.pl\/praca-dyplomowa\/\">WZORY DRUK\u00d3W I FORMULARZY DO PRACY DYPLOMOWEJ<\/a><\/strong><\/p>\n\n\n\n<div style=\"height:0px\" aria-hidden=\"true\" class=\"wp-block-spacer\"><\/div>\n\n\n\n<p class=\"has-medium-font-size\"><strong>Egzamin dyplomowy.<\/strong><\/p>\n\n\n\n<p class=\"has-medium-font-size\">Szanowni Pa\u0144stwo,<\/p>\n\n\n\n<p class=\"has-medium-font-size\"><strong>Egzamin dyplomowy odb\u0119dzie si\u0119 w dniach:  <\/strong><\/p>\n\n\n\n<p class=\"has-medium-font-size\"><mark style=\"background-color:rgba(0, 0, 0, 0)\" class=\"has-inline-color has-vivid-cyan-blue-color\"><strong>29 stycznia 2026 r. &#8211;<\/strong> specjalno\u015b\u0107: Logistyka i Spedycja <\/mark><\/p>\n\n\n\n<p class=\"has-medium-font-size\">Termin sk\u0142adania dokument\u00f3w w Sekretariacie Katedry up\u0142ywa w dniu <strong><mark style=\"background-color:rgba(0, 0, 0, 0)\" class=\"has-inline-color has-vivid-red-color\">19 stycznia 2026 r.<\/mark><\/strong><\/p>\n\n\n\n<p><\/p>\n\n\n\n<p class=\"has-medium-font-size\"><mark style=\"background-color:rgba(0, 0, 0, 0)\" class=\"has-inline-color has-vivid-green-cyan-color\"><strong>30 stycznia 2026 r. <\/strong>&#8211; specjalno\u015b\u0107: In\u017cynieria Pojazd\u00f3w Szynowych <\/mark><\/p>\n\n\n\n<p class=\"has-medium-font-size\">Termin sk\u0142adania dokument\u00f3w w Sekretariacie Katedry up\u0142ywa w dniu <strong><mark style=\"background-color:rgba(0, 0, 0, 0)\" class=\"has-inline-color has-vivid-red-color\">20 stycznia 2026 r.<\/mark><\/strong><\/p>\n\n\n\n<p><\/p>\n\n\n\n<p class=\"has-medium-font-size\"><mark style=\"background-color:rgba(0, 0, 0, 0)\" class=\"has-inline-color has-luminous-vivid-orange-color\"><span><b style=\"background-color: rgba(0, 0, 0, 0);\">17 lutego 2026 r. <\/b> &#8211; specjalno\u015bci: Logistyka i Spedycja <\/span> i In\u017cynieria Pojazd\u00f3w Szynowych <\/mark><\/p>\n\n\n\n<p class=\"has-medium-font-size\">Termin sk\u0142adania dokument\u00f3w w Sekretariacie Katedry up\u0142ywa w dniu <strong><mark style=\"background-color:rgba(0, 0, 0, 0)\" class=\"has-inline-color has-vivid-red-color\">30 stycznia 2026 r.<\/mark><\/strong><\/p>\n\n\n\n<p class=\"has-medium-font-size\"><\/p>\n\n\n\n<p class=\"has-medium-font-size\">Po z\u0142o\u017ceniu dokument\u00f3w w Sekretariacie Katedry termin i godzina egzaminu poka\u017c\u0105 si\u0119 Pa\u0144stwu w kalendarzu Outlook powi\u0105zanym z kontem Office 365 PK.<\/p>\n\n\n\n<p class=\"has-medium-font-size\">Prosz\u0119 o obecno\u015b\u0107 co najmniej 30 min. przed planowan\u0105 godzin\u0105 egzaminu.<\/p>\n\n\n\n<p class=\"has-medium-font-size\">Prosz\u0119 r\u00f3wnie\u017c o zabezpieczenie dla siebie komputer\u00f3w przeno\u015bnych lub innych urz\u0105dze\u0144, z kt\u00f3rych b\u0119dzie mo\u017cliwo\u015b\u0107 wy\u015bwietlenia prezentacji przygotowanej na egzamin dyplomowy.<\/p>\n\n\n\n<div style=\"height:24px\" aria-hidden=\"true\" class=\"wp-block-spacer\"><\/div>\n\n\n<div class=\"wp-block-image is-style-default\">\n<figure class=\"alignleft size-large\"><img loading=\"lazy\" decoding=\"async\" width=\"1024\" height=\"134\" src=\"https:\/\/m8.mech.pk.edu.pl\/wp-content\/uploads\/2021\/01\/ezt-kpsit-1p-1024x134.png\" alt=\"\" class=\"wp-image-983\" srcset=\"https:\/\/m8.mech.pk.edu.pl\/wp-content\/uploads\/2021\/01\/ezt-kpsit-1p-1024x134.png 1024w, https:\/\/m8.mech.pk.edu.pl\/wp-content\/uploads\/2021\/01\/ezt-kpsit-1p-300x39.png 300w, https:\/\/m8.mech.pk.edu.pl\/wp-content\/uploads\/2021\/01\/ezt-kpsit-1p-768x101.png 768w, https:\/\/m8.mech.pk.edu.pl\/wp-content\/uploads\/2021\/01\/ezt-kpsit-1p-1536x201.png 1536w, https:\/\/m8.mech.pk.edu.pl\/wp-content\/uploads\/2021\/01\/ezt-kpsit-1p.png 1954w\" sizes=\"auto, (max-width: 1024px) 100vw, 1024px\" \/><\/figure>\n<\/div>\n\n\n<p><\/p>\n","protected":false},"excerpt":{"rendered":"<p>Katedra Prowadzi prace dyplomowe dla studi\u00f3w I i II stopnia. Poni\u017cej znajduje si\u0119 odno\u015bnik do wytycznych tworzenia prac dyplomowych oraz obowi\u0105zuj\u0105cych procedur. WZORY DRUK\u00d3W I FORMULARZY DO PRACY DYPLOMOWEJ Egzamin dyplomowy. Szanowni Pa\u0144stwo, Egzamin dyplomowy odb\u0119dzie si\u0119 w dniach: 29 stycznia 2026 r. &#8211; specjalno\u015b\u0107: Logistyka i Spedycja Termin sk\u0142adania dokument\u00f3w w Sekretariacie Katedry up\u0142ywa [&hellip;]<\/p>\n","protected":false},"author":1,"featured_media":0,"parent":0,"menu_order":0,"comment_status":"closed","ping_status":"closed","template":"","meta":{"footnotes":""},"class_list":["post-55","page","type-page","status-publish","hentry"],"yoast_head":"<!-- This site is optimized with the Yoast SEO plugin v27.5 - https:\/\/yoast.com\/product\/yoast-seo-wordpress\/ -->\n<title>Egzamin dyplomowy - Katedra Pojazd\u00f3w Szynowych i Transportu<\/title>\n<meta name=\"description\" content=\"Informacje na temat egzamin\u00f3w dyplomowych przeprowadzanych w Katedrze Pojazd\u00f3w Szynowych i Transportu Politechniki Krakowskiej\" \/>\n<meta name=\"robots\" content=\"index, follow, max-snippet:-1, max-image-preview:large, max-video-preview:-1\" \/>\n<link rel=\"canonical\" href=\"https:\/\/m8.mech.pk.edu.pl\/index.php\/egzamin-dyplomowy\/\" \/>\n<meta property=\"og:locale\" content=\"pl_PL\" \/>\n<meta property=\"og:type\" content=\"article\" \/>\n<meta property=\"og:title\" content=\"Egzamin dyplomowy - Katedra Pojazd\u00f3w Szynowych i Transportu\" \/>\n<meta property=\"og:description\" content=\"Informacje na temat egzamin\u00f3w dyplomowych przeprowadzanych w Katedrze Pojazd\u00f3w Szynowych i Transportu Politechniki Krakowskiej\" \/>\n<meta property=\"og:url\" content=\"https:\/\/m8.mech.pk.edu.pl\/index.php\/egzamin-dyplomowy\/\" \/>\n<meta property=\"og:site_name\" content=\"Katedra Pojazd\u00f3w Szynowych i Transportu\" \/>\n<meta property=\"article:publisher\" content=\"https:\/\/facebook.com\/KPSzTPK\" \/>\n<meta property=\"article:modified_time\" content=\"2025-12-02T19:29:40+00:00\" \/>\n<meta property=\"og:image\" content=\"https:\/\/m8.mech.pk.edu.pl\/wp-content\/uploads\/2021\/01\/ezt-kpsit-1p.png\" \/>\n\t<meta property=\"og:image:width\" content=\"1954\" \/>\n\t<meta property=\"og:image:height\" content=\"256\" \/>\n\t<meta property=\"og:image:type\" content=\"image\/png\" \/>\n<meta name=\"twitter:card\" content=\"summary_large_image\" \/>\n<meta name=\"twitter:label1\" content=\"Szacowany czas czytania\" \/>\n\t<meta name=\"twitter:data1\" content=\"2 minuty\" \/>\n<script type=\"application\/ld+json\" class=\"yoast-schema-graph\">{\"@context\":\"https:\\\/\\\/schema.org\",\"@graph\":[{\"@type\":\"WebPage\",\"@id\":\"https:\\\/\\\/m8.mech.pk.edu.pl\\\/index.php\\\/egzamin-dyplomowy\\\/\",\"url\":\"https:\\\/\\\/m8.mech.pk.edu.pl\\\/index.php\\\/egzamin-dyplomowy\\\/\",\"name\":\"Egzamin dyplomowy - Katedra Pojazd\u00f3w Szynowych i Transportu\",\"isPartOf\":{\"@id\":\"https:\\\/\\\/m8.mech.pk.edu.pl\\\/#website\"},\"primaryImageOfPage\":{\"@id\":\"https:\\\/\\\/m8.mech.pk.edu.pl\\\/index.php\\\/egzamin-dyplomowy\\\/#primaryimage\"},\"image\":{\"@id\":\"https:\\\/\\\/m8.mech.pk.edu.pl\\\/index.php\\\/egzamin-dyplomowy\\\/#primaryimage\"},\"thumbnailUrl\":\"https:\\\/\\\/m8.mech.pk.edu.pl\\\/wp-content\\\/uploads\\\/2021\\\/01\\\/ezt-kpsit-1p-1024x134.png\",\"datePublished\":\"2021-01-07T12:24:50+00:00\",\"dateModified\":\"2025-12-02T19:29:40+00:00\",\"description\":\"Informacje na temat egzamin\u00f3w dyplomowych przeprowadzanych w Katedrze Pojazd\u00f3w Szynowych i Transportu Politechniki Krakowskiej\",\"breadcrumb\":{\"@id\":\"https:\\\/\\\/m8.mech.pk.edu.pl\\\/index.php\\\/egzamin-dyplomowy\\\/#breadcrumb\"},\"inLanguage\":\"pl-PL\",\"potentialAction\":[{\"@type\":\"ReadAction\",\"target\":[\"https:\\\/\\\/m8.mech.pk.edu.pl\\\/index.php\\\/egzamin-dyplomowy\\\/\"]}]},{\"@type\":\"ImageObject\",\"inLanguage\":\"pl-PL\",\"@id\":\"https:\\\/\\\/m8.mech.pk.edu.pl\\\/index.php\\\/egzamin-dyplomowy\\\/#primaryimage\",\"url\":\"https:\\\/\\\/m8.mech.pk.edu.pl\\\/wp-content\\\/uploads\\\/2021\\\/01\\\/ezt-kpsit-1p.png\",\"contentUrl\":\"https:\\\/\\\/m8.mech.pk.edu.pl\\\/wp-content\\\/uploads\\\/2021\\\/01\\\/ezt-kpsit-1p.png\",\"width\":1954,\"height\":256},{\"@type\":\"BreadcrumbList\",\"@id\":\"https:\\\/\\\/m8.mech.pk.edu.pl\\\/index.php\\\/egzamin-dyplomowy\\\/#breadcrumb\",\"itemListElement\":[{\"@type\":\"ListItem\",\"position\":1,\"name\":\"Strona g\u0142\u00f3wna\",\"item\":\"https:\\\/\\\/m8.mech.pk.edu.pl\\\/\"},{\"@type\":\"ListItem\",\"position\":2,\"name\":\"Egzamin dyplomowy\"}]},{\"@type\":\"WebSite\",\"@id\":\"https:\\\/\\\/m8.mech.pk.edu.pl\\\/#website\",\"url\":\"https:\\\/\\\/m8.mech.pk.edu.pl\\\/\",\"name\":\"Katedra Pojazd\u00f3w Szynowych i Transportu\",\"description\":\"Katedra Pojazd\u00f3w Szynowych i Transportu Politechniki Krakowskiej na Wydziale Mechanicznym\",\"publisher\":{\"@id\":\"https:\\\/\\\/m8.mech.pk.edu.pl\\\/#organization\"},\"potentialAction\":[{\"@type\":\"SearchAction\",\"target\":{\"@type\":\"EntryPoint\",\"urlTemplate\":\"https:\\\/\\\/m8.mech.pk.edu.pl\\\/?s={search_term_string}\"},\"query-input\":{\"@type\":\"PropertyValueSpecification\",\"valueRequired\":true,\"valueName\":\"search_term_string\"}}],\"inLanguage\":\"pl-PL\"},{\"@type\":\"Organization\",\"@id\":\"https:\\\/\\\/m8.mech.pk.edu.pl\\\/#organization\",\"name\":\"Katedra Pojazd\u00f3w Szynowych\",\"url\":\"https:\\\/\\\/m8.mech.pk.edu.pl\\\/\",\"logo\":{\"@type\":\"ImageObject\",\"inLanguage\":\"pl-PL\",\"@id\":\"https:\\\/\\\/m8.mech.pk.edu.pl\\\/#\\\/schema\\\/logo\\\/image\\\/\",\"url\":\"https:\\\/\\\/m8.mech.pk.edu.pl\\\/wp-content\\\/uploads\\\/2021\\\/01\\\/logo-mail-kpsit.png\",\"contentUrl\":\"https:\\\/\\\/m8.mech.pk.edu.pl\\\/wp-content\\\/uploads\\\/2021\\\/01\\\/logo-mail-kpsit.png\",\"width\":300,\"height\":119,\"caption\":\"Katedra Pojazd\u00f3w Szynowych\"},\"image\":{\"@id\":\"https:\\\/\\\/m8.mech.pk.edu.pl\\\/#\\\/schema\\\/logo\\\/image\\\/\"},\"sameAs\":[\"https:\\\/\\\/facebook.com\\\/KPSzTPK\",\"https:\\\/\\\/www.youtube.com\\\/channel\\\/UCen3PQ3fl3ry92o_lHkyVaQ\"]}]}<\/script>\n<!-- \/ Yoast SEO plugin. -->","yoast_head_json":{"title":"Egzamin dyplomowy - Katedra Pojazd\u00f3w Szynowych i Transportu","description":"Informacje na temat egzamin\u00f3w dyplomowych przeprowadzanych w Katedrze Pojazd\u00f3w Szynowych i Transportu Politechniki Krakowskiej","robots":{"index":"index","follow":"follow","max-snippet":"max-snippet:-1","max-image-preview":"max-image-preview:large","max-video-preview":"max-video-preview:-1"},"canonical":"https:\/\/m8.mech.pk.edu.pl\/index.php\/egzamin-dyplomowy\/","og_locale":"pl_PL","og_type":"article","og_title":"Egzamin dyplomowy - Katedra Pojazd\u00f3w Szynowych i Transportu","og_description":"Informacje na temat egzamin\u00f3w dyplomowych przeprowadzanych w Katedrze Pojazd\u00f3w Szynowych i Transportu Politechniki Krakowskiej","og_url":"https:\/\/m8.mech.pk.edu.pl\/index.php\/egzamin-dyplomowy\/","og_site_name":"Katedra Pojazd\u00f3w Szynowych i Transportu","article_publisher":"https:\/\/facebook.com\/KPSzTPK","article_modified_time":"2025-12-02T19:29:40+00:00","og_image":[{"width":1954,"height":256,"url":"https:\/\/m8.mech.pk.edu.pl\/wp-content\/uploads\/2021\/01\/ezt-kpsit-1p.png","type":"image\/png"}],"twitter_card":"summary_large_image","twitter_misc":{"Szacowany czas czytania":"2 minuty"},"schema":{"@context":"https:\/\/schema.org","@graph":[{"@type":"WebPage","@id":"https:\/\/m8.mech.pk.edu.pl\/index.php\/egzamin-dyplomowy\/","url":"https:\/\/m8.mech.pk.edu.pl\/index.php\/egzamin-dyplomowy\/","name":"Egzamin dyplomowy - Katedra Pojazd\u00f3w Szynowych i Transportu","isPartOf":{"@id":"https:\/\/m8.mech.pk.edu.pl\/#website"},"primaryImageOfPage":{"@id":"https:\/\/m8.mech.pk.edu.pl\/index.php\/egzamin-dyplomowy\/#primaryimage"},"image":{"@id":"https:\/\/m8.mech.pk.edu.pl\/index.php\/egzamin-dyplomowy\/#primaryimage"},"thumbnailUrl":"https:\/\/m8.mech.pk.edu.pl\/wp-content\/uploads\/2021\/01\/ezt-kpsit-1p-1024x134.png","datePublished":"2021-01-07T12:24:50+00:00","dateModified":"2025-12-02T19:29:40+00:00","description":"Informacje na temat egzamin\u00f3w dyplomowych przeprowadzanych w Katedrze Pojazd\u00f3w Szynowych i Transportu Politechniki Krakowskiej","breadcrumb":{"@id":"https:\/\/m8.mech.pk.edu.pl\/index.php\/egzamin-dyplomowy\/#breadcrumb"},"inLanguage":"pl-PL","potentialAction":[{"@type":"ReadAction","target":["https:\/\/m8.mech.pk.edu.pl\/index.php\/egzamin-dyplomowy\/"]}]},{"@type":"ImageObject","inLanguage":"pl-PL","@id":"https:\/\/m8.mech.pk.edu.pl\/index.php\/egzamin-dyplomowy\/#primaryimage","url":"https:\/\/m8.mech.pk.edu.pl\/wp-content\/uploads\/2021\/01\/ezt-kpsit-1p.png","contentUrl":"https:\/\/m8.mech.pk.edu.pl\/wp-content\/uploads\/2021\/01\/ezt-kpsit-1p.png","width":1954,"height":256},{"@type":"BreadcrumbList","@id":"https:\/\/m8.mech.pk.edu.pl\/index.php\/egzamin-dyplomowy\/#breadcrumb","itemListElement":[{"@type":"ListItem","position":1,"name":"Strona g\u0142\u00f3wna","item":"https:\/\/m8.mech.pk.edu.pl\/"},{"@type":"ListItem","position":2,"name":"Egzamin dyplomowy"}]},{"@type":"WebSite","@id":"https:\/\/m8.mech.pk.edu.pl\/#website","url":"https:\/\/m8.mech.pk.edu.pl\/","name":"Katedra Pojazd\u00f3w Szynowych i Transportu","description":"Katedra Pojazd\u00f3w Szynowych i Transportu Politechniki Krakowskiej na Wydziale Mechanicznym","publisher":{"@id":"https:\/\/m8.mech.pk.edu.pl\/#organization"},"potentialAction":[{"@type":"SearchAction","target":{"@type":"EntryPoint","urlTemplate":"https:\/\/m8.mech.pk.edu.pl\/?s={search_term_string}"},"query-input":{"@type":"PropertyValueSpecification","valueRequired":true,"valueName":"search_term_string"}}],"inLanguage":"pl-PL"},{"@type":"Organization","@id":"https:\/\/m8.mech.pk.edu.pl\/#organization","name":"Katedra Pojazd\u00f3w Szynowych","url":"https:\/\/m8.mech.pk.edu.pl\/","logo":{"@type":"ImageObject","inLanguage":"pl-PL","@id":"https:\/\/m8.mech.pk.edu.pl\/#\/schema\/logo\/image\/","url":"https:\/\/m8.mech.pk.edu.pl\/wp-content\/uploads\/2021\/01\/logo-mail-kpsit.png","contentUrl":"https:\/\/m8.mech.pk.edu.pl\/wp-content\/uploads\/2021\/01\/logo-mail-kpsit.png","width":300,"height":119,"caption":"Katedra Pojazd\u00f3w Szynowych"},"image":{"@id":"https:\/\/m8.mech.pk.edu.pl\/#\/schema\/logo\/image\/"},"sameAs":["https:\/\/facebook.com\/KPSzTPK","https:\/\/www.youtube.com\/channel\/UCen3PQ3fl3ry92o_lHkyVaQ"]}]}},"_links":{"self":[{"href":"https:\/\/m8.mech.pk.edu.pl\/index.php\/wp-json\/wp\/v2\/pages\/55","targetHints":{"allow":["GET"]}}],"collection":[{"href":"https:\/\/m8.mech.pk.edu.pl\/index.php\/wp-json\/wp\/v2\/pages"}],"about":[{"href":"https:\/\/m8.mech.pk.edu.pl\/index.php\/wp-json\/wp\/v2\/types\/page"}],"author":[{"embeddable":true,"href":"https:\/\/m8.mech.pk.edu.pl\/index.php\/wp-json\/wp\/v2\/users\/1"}],"replies":[{"embeddable":true,"href":"https:\/\/m8.mech.pk.edu.pl\/index.php\/wp-json\/wp\/v2\/comments?post=55"}],"version-history":[{"count":49,"href":"https:\/\/m8.mech.pk.edu.pl\/index.php\/wp-json\/wp\/v2\/pages\/55\/revisions"}],"predecessor-version":[{"id":6089,"href":"https:\/\/m8.mech.pk.edu.pl\/index.php\/wp-json\/wp\/v2\/pages\/55\/revisions\/6089"}],"wp:attachment":[{"href":"https:\/\/m8.mech.pk.edu.pl\/index.php\/wp-json\/wp\/v2\/media?parent=55"}],"curies":[{"name":"wp","href":"https:\/\/api.w.org\/{rel}","templated":true}]}}