{"id":5135,"date":"2024-06-11T11:58:42","date_gmt":"2024-06-11T09:58:42","guid":{"rendered":"https:\/\/m8.mech.pk.edu.pl\/?page_id=5135"},"modified":"2024-06-11T11:58:42","modified_gmt":"2024-06-11T09:58:42","slug":"h2020-ncbir-jim","status":"publish","type":"page","link":"https:\/\/m8.mech.pk.edu.pl\/index.php\/h2020-ncbir-jim\/","title":{"rendered":"H2020 \u2013 NCBiR \u2013 JiM"},"content":{"rendered":"\n<p><strong>HORYZONT EUROPA DRIVING URBAN TRANSITIONS<\/strong><br><strong>NCBIR \u2013\u00a0 JiM<\/strong><\/p>\n\n\n\n<p>JiM: Czynnik spo\u0142eczny i \u015brodowiskowy w koncepcji miasta 15-minutowego &#8211; opracowanie wytycznych dla potrzeb zr\u00f3wnowa\u017conego rozwoju przestrzeni miejskiej \/ Social and environmental justice in 15 minutes &#8211; toolkit development for transition to urban sustainable neighbourhoods<\/p>\n\n\n\n<p>Projekt ma na celu opracowanie wytycznych i narz\u0119dzi dla urbanist\u00f3w, uwzgl\u0119dniaj\u0105c aspekty sprawiedliwo\u015bci spo\u0142ecznej i \u015brodowiskowej podczas planowania miast 15-minutowych (15mC). Rozpoczynaj\u0105c od mapowania dost\u0119pno\u015bci podstawowych us\u0142ug i&nbsp;udogodnie\u0144 dla r\u00f3\u017cnych grup spo\u0142ecznych, projekt wprowadza innowacyjne podej\u015bcie do podejmowania decyzji lokalizacyjnych. Wa\u017cnym elementem projektu jest uwzgl\u0119dnienie zar\u00f3wno faktycznych, jak i postrzeganych wzorc\u00f3w dost\u0119pno\u015bci i&nbsp;preferencji dotycz\u0105cych podr\u00f3\u017cy mieszka\u0144c\u00f3w miast\/dzielnic. W ramach projektu zostanie wykonana analiza danych \u015brodowiskowych i ocena wp\u0142ywu na zdrowie jako kluczowych komponent\u00f3w w tworzeniu scenariuszy dla sprawiedliwego tworzenia miast lub obszar\u00f3w 15mC.<\/p>\n\n\n\n<p>Konsorcjum, tworzone przez partner\u00f3w z kraj\u00f3w takich jak Szwecja, Norwegia, Polska, Francja, Turcja i Hiszpania, &nbsp;pozwala wnie\u015b\u0107 r\u00f3\u017cnorodne do\u015bwiadczenia i perspektywy w&nbsp;dziedzinie planowania urbanistycznego i mobilno\u015bci miejskiej. Ta zr\u00f3\u017cnicowana mieszanka kraj\u00f3w umo\u017cliwia szersze zrozumienie r\u00f3\u017cnych kontekst\u00f3w planistycznych i&nbsp;zapewnia rozw\u00f3j solidnych, adaptowalnych narz\u0119dzi, kt\u00f3re mog\u0105 by\u0107 stosowane &nbsp;w&nbsp;r\u00f3\u017cnych krajowych uwarunkowaniach planistycznych i transportowych.<\/p>\n\n\n\n<p>W ramach projektu, po stronie partner\u00f3w z Polski, prace s\u0105 podzielone pomi\u0119dzy Politechnik\u0119 Krakowsk\u0105 (lidera konsorcjum):<\/p>\n\n\n\n<ul class=\"wp-block-list\">\n<li>Katedra Pojazd\u00f3w Szynowych i Transportu M-08;<\/li>\n\n\n\n<li>Katedra Planowania Przestrzennego, Projektowania Urbanistycznego i\u00a0Ruralistycznego A-05;<\/li>\n<\/ul>\n\n\n\n<p>oraz Uniwersytet Gda\u0144ski:<\/p>\n\n\n\n<ul class=\"wp-block-list\">\n<li>Katedra Rynku Transportowego.<\/li>\n<\/ul>\n\n\n\n<p>Za koordynacj\u0119 projektu odpowiada Uniwersytet w Malmo (Szwecja). Kierownikiem projektu po stronie Politechniki Krakowskiej jest dr hab. in\u017c. Maciej Szkoda, prof. PK z&nbsp;Katedry M-08.<\/p>\n\n\n\n<p>Podstawowe informacje na temat projektu:<\/p>\n\n\n\n<ul class=\"wp-block-list\">\n<li>warto\u015b\u0107 projektu: 1 591 417,50z\u0142<\/li>\n\n\n\n<li>warto\u015b\u0107 dofinansowania: 1 591 417,50z\u0142<\/li>\n\n\n\n<li>okres realizacji w latach 2024-2026<\/li>\n<\/ul>\n\n\n\n<p>Projekt wsp\u00f3\u0142finansowany\/finansowany przez Narodowe Centrum Bada\u0144 i Rozwoju w&nbsp;ramach konkursu: DUT Call 2022<\/p>\n","protected":false},"excerpt":{"rendered":"<p>HORYZONT EUROPA DRIVING URBAN TRANSITIONSNCBIR \u2013\u00a0 JiM JiM: Czynnik spo\u0142eczny i \u015brodowiskowy w koncepcji miasta 15-minutowego &#8211; opracowanie wytycznych dla potrzeb zr\u00f3wnowa\u017conego rozwoju przestrzeni miejskiej \/ Social and environmental justice in 15 minutes &#8211; toolkit development for transition to urban sustainable neighbourhoods Projekt ma na celu opracowanie wytycznych i narz\u0119dzi dla urbanist\u00f3w, uwzgl\u0119dniaj\u0105c aspekty sprawiedliwo\u015bci [&hellip;]<\/p>\n","protected":false},"author":1,"featured_media":0,"parent":0,"menu_order":0,"comment_status":"closed","ping_status":"closed","template":"","meta":{"footnotes":""},"class_list":["post-5135","page","type-page","status-publish","hentry"],"yoast_head":"<!-- This site is optimized with the Yoast SEO plugin v27.5 - https:\/\/yoast.com\/product\/yoast-seo-wordpress\/ -->\n<title>H2020 \u2013 NCBiR \u2013 JiM - Katedra Pojazd\u00f3w Szynowych i Transportu<\/title>\n<meta name=\"robots\" content=\"index, follow, max-snippet:-1, max-image-preview:large, max-video-preview:-1\" \/>\n<link rel=\"canonical\" href=\"https:\/\/m8.mech.pk.edu.pl\/index.php\/h2020-ncbir-jim\/\" \/>\n<meta property=\"og:locale\" content=\"pl_PL\" \/>\n<meta property=\"og:type\" content=\"article\" \/>\n<meta property=\"og:title\" content=\"H2020 \u2013 NCBiR \u2013 JiM - Katedra Pojazd\u00f3w Szynowych i Transportu\" \/>\n<meta property=\"og:description\" content=\"HORYZONT EUROPA DRIVING URBAN TRANSITIONSNCBIR \u2013\u00a0 JiM JiM: Czynnik spo\u0142eczny i \u015brodowiskowy w koncepcji miasta 15-minutowego &#8211; opracowanie wytycznych dla potrzeb zr\u00f3wnowa\u017conego rozwoju przestrzeni miejskiej \/ Social and environmental justice in 15 minutes &#8211; toolkit development for transition to urban sustainable neighbourhoods Projekt ma na celu opracowanie wytycznych i narz\u0119dzi dla urbanist\u00f3w, uwzgl\u0119dniaj\u0105c aspekty sprawiedliwo\u015bci [&hellip;]\" \/>\n<meta property=\"og:url\" content=\"https:\/\/m8.mech.pk.edu.pl\/index.php\/h2020-ncbir-jim\/\" \/>\n<meta property=\"og:site_name\" content=\"Katedra Pojazd\u00f3w Szynowych i Transportu\" \/>\n<meta property=\"article:publisher\" content=\"https:\/\/facebook.com\/KPSzTPK\" \/>\n<meta name=\"twitter:card\" content=\"summary_large_image\" \/>\n<meta name=\"twitter:label1\" content=\"Szacowany czas czytania\" \/>\n\t<meta name=\"twitter:data1\" content=\"2 minuty\" \/>\n<script type=\"application\/ld+json\" class=\"yoast-schema-graph\">{\"@context\":\"https:\\\/\\\/schema.org\",\"@graph\":[{\"@type\":\"WebPage\",\"@id\":\"https:\\\/\\\/m8.mech.pk.edu.pl\\\/index.php\\\/h2020-ncbir-jim\\\/\",\"url\":\"https:\\\/\\\/m8.mech.pk.edu.pl\\\/index.php\\\/h2020-ncbir-jim\\\/\",\"name\":\"H2020 \u2013 NCBiR \u2013 JiM - Katedra Pojazd\u00f3w Szynowych i Transportu\",\"isPartOf\":{\"@id\":\"https:\\\/\\\/m8.mech.pk.edu.pl\\\/#website\"},\"datePublished\":\"2024-06-11T09:58:42+00:00\",\"breadcrumb\":{\"@id\":\"https:\\\/\\\/m8.mech.pk.edu.pl\\\/index.php\\\/h2020-ncbir-jim\\\/#breadcrumb\"},\"inLanguage\":\"pl-PL\",\"potentialAction\":[{\"@type\":\"ReadAction\",\"target\":[\"https:\\\/\\\/m8.mech.pk.edu.pl\\\/index.php\\\/h2020-ncbir-jim\\\/\"]}]},{\"@type\":\"BreadcrumbList\",\"@id\":\"https:\\\/\\\/m8.mech.pk.edu.pl\\\/index.php\\\/h2020-ncbir-jim\\\/#breadcrumb\",\"itemListElement\":[{\"@type\":\"ListItem\",\"position\":1,\"name\":\"Strona g\u0142\u00f3wna\",\"item\":\"https:\\\/\\\/m8.mech.pk.edu.pl\\\/\"},{\"@type\":\"ListItem\",\"position\":2,\"name\":\"H2020 \u2013 NCBiR \u2013 JiM\"}]},{\"@type\":\"WebSite\",\"@id\":\"https:\\\/\\\/m8.mech.pk.edu.pl\\\/#website\",\"url\":\"https:\\\/\\\/m8.mech.pk.edu.pl\\\/\",\"name\":\"Katedra Pojazd\u00f3w Szynowych i Transportu\",\"description\":\"Katedra Pojazd\u00f3w Szynowych i Transportu Politechniki Krakowskiej na Wydziale Mechanicznym\",\"publisher\":{\"@id\":\"https:\\\/\\\/m8.mech.pk.edu.pl\\\/#organization\"},\"potentialAction\":[{\"@type\":\"SearchAction\",\"target\":{\"@type\":\"EntryPoint\",\"urlTemplate\":\"https:\\\/\\\/m8.mech.pk.edu.pl\\\/?s={search_term_string}\"},\"query-input\":{\"@type\":\"PropertyValueSpecification\",\"valueRequired\":true,\"valueName\":\"search_term_string\"}}],\"inLanguage\":\"pl-PL\"},{\"@type\":\"Organization\",\"@id\":\"https:\\\/\\\/m8.mech.pk.edu.pl\\\/#organization\",\"name\":\"Katedra Pojazd\u00f3w Szynowych\",\"url\":\"https:\\\/\\\/m8.mech.pk.edu.pl\\\/\",\"logo\":{\"@type\":\"ImageObject\",\"inLanguage\":\"pl-PL\",\"@id\":\"https:\\\/\\\/m8.mech.pk.edu.pl\\\/#\\\/schema\\\/logo\\\/image\\\/\",\"url\":\"https:\\\/\\\/m8.mech.pk.edu.pl\\\/wp-content\\\/uploads\\\/2021\\\/01\\\/logo-mail-kpsit.png\",\"contentUrl\":\"https:\\\/\\\/m8.mech.pk.edu.pl\\\/wp-content\\\/uploads\\\/2021\\\/01\\\/logo-mail-kpsit.png\",\"width\":300,\"height\":119,\"caption\":\"Katedra Pojazd\u00f3w Szynowych\"},\"image\":{\"@id\":\"https:\\\/\\\/m8.mech.pk.edu.pl\\\/#\\\/schema\\\/logo\\\/image\\\/\"},\"sameAs\":[\"https:\\\/\\\/facebook.com\\\/KPSzTPK\",\"https:\\\/\\\/www.youtube.com\\\/channel\\\/UCen3PQ3fl3ry92o_lHkyVaQ\"]}]}<\/script>\n<!-- \/ Yoast SEO plugin. -->","yoast_head_json":{"title":"H2020 \u2013 NCBiR \u2013 JiM - Katedra Pojazd\u00f3w Szynowych i Transportu","robots":{"index":"index","follow":"follow","max-snippet":"max-snippet:-1","max-image-preview":"max-image-preview:large","max-video-preview":"max-video-preview:-1"},"canonical":"https:\/\/m8.mech.pk.edu.pl\/index.php\/h2020-ncbir-jim\/","og_locale":"pl_PL","og_type":"article","og_title":"H2020 \u2013 NCBiR \u2013 JiM - Katedra Pojazd\u00f3w Szynowych i Transportu","og_description":"HORYZONT EUROPA DRIVING URBAN TRANSITIONSNCBIR \u2013\u00a0 JiM JiM: Czynnik spo\u0142eczny i \u015brodowiskowy w koncepcji miasta 15-minutowego &#8211; opracowanie wytycznych dla potrzeb zr\u00f3wnowa\u017conego rozwoju przestrzeni miejskiej \/ Social and environmental justice in 15 minutes &#8211; toolkit development for transition to urban sustainable neighbourhoods Projekt ma na celu opracowanie wytycznych i narz\u0119dzi dla urbanist\u00f3w, uwzgl\u0119dniaj\u0105c aspekty sprawiedliwo\u015bci [&hellip;]","og_url":"https:\/\/m8.mech.pk.edu.pl\/index.php\/h2020-ncbir-jim\/","og_site_name":"Katedra Pojazd\u00f3w Szynowych i Transportu","article_publisher":"https:\/\/facebook.com\/KPSzTPK","twitter_card":"summary_large_image","twitter_misc":{"Szacowany czas czytania":"2 minuty"},"schema":{"@context":"https:\/\/schema.org","@graph":[{"@type":"WebPage","@id":"https:\/\/m8.mech.pk.edu.pl\/index.php\/h2020-ncbir-jim\/","url":"https:\/\/m8.mech.pk.edu.pl\/index.php\/h2020-ncbir-jim\/","name":"H2020 \u2013 NCBiR \u2013 JiM - Katedra Pojazd\u00f3w Szynowych i Transportu","isPartOf":{"@id":"https:\/\/m8.mech.pk.edu.pl\/#website"},"datePublished":"2024-06-11T09:58:42+00:00","breadcrumb":{"@id":"https:\/\/m8.mech.pk.edu.pl\/index.php\/h2020-ncbir-jim\/#breadcrumb"},"inLanguage":"pl-PL","potentialAction":[{"@type":"ReadAction","target":["https:\/\/m8.mech.pk.edu.pl\/index.php\/h2020-ncbir-jim\/"]}]},{"@type":"BreadcrumbList","@id":"https:\/\/m8.mech.pk.edu.pl\/index.php\/h2020-ncbir-jim\/#breadcrumb","itemListElement":[{"@type":"ListItem","position":1,"name":"Strona g\u0142\u00f3wna","item":"https:\/\/m8.mech.pk.edu.pl\/"},{"@type":"ListItem","position":2,"name":"H2020 \u2013 NCBiR \u2013 JiM"}]},{"@type":"WebSite","@id":"https:\/\/m8.mech.pk.edu.pl\/#website","url":"https:\/\/m8.mech.pk.edu.pl\/","name":"Katedra Pojazd\u00f3w Szynowych i Transportu","description":"Katedra Pojazd\u00f3w Szynowych i Transportu Politechniki Krakowskiej na Wydziale Mechanicznym","publisher":{"@id":"https:\/\/m8.mech.pk.edu.pl\/#organization"},"potentialAction":[{"@type":"SearchAction","target":{"@type":"EntryPoint","urlTemplate":"https:\/\/m8.mech.pk.edu.pl\/?s={search_term_string}"},"query-input":{"@type":"PropertyValueSpecification","valueRequired":true,"valueName":"search_term_string"}}],"inLanguage":"pl-PL"},{"@type":"Organization","@id":"https:\/\/m8.mech.pk.edu.pl\/#organization","name":"Katedra Pojazd\u00f3w Szynowych","url":"https:\/\/m8.mech.pk.edu.pl\/","logo":{"@type":"ImageObject","inLanguage":"pl-PL","@id":"https:\/\/m8.mech.pk.edu.pl\/#\/schema\/logo\/image\/","url":"https:\/\/m8.mech.pk.edu.pl\/wp-content\/uploads\/2021\/01\/logo-mail-kpsit.png","contentUrl":"https:\/\/m8.mech.pk.edu.pl\/wp-content\/uploads\/2021\/01\/logo-mail-kpsit.png","width":300,"height":119,"caption":"Katedra Pojazd\u00f3w Szynowych"},"image":{"@id":"https:\/\/m8.mech.pk.edu.pl\/#\/schema\/logo\/image\/"},"sameAs":["https:\/\/facebook.com\/KPSzTPK","https:\/\/www.youtube.com\/channel\/UCen3PQ3fl3ry92o_lHkyVaQ"]}]}},"_links":{"self":[{"href":"https:\/\/m8.mech.pk.edu.pl\/index.php\/wp-json\/wp\/v2\/pages\/5135","targetHints":{"allow":["GET"]}}],"collection":[{"href":"https:\/\/m8.mech.pk.edu.pl\/index.php\/wp-json\/wp\/v2\/pages"}],"about":[{"href":"https:\/\/m8.mech.pk.edu.pl\/index.php\/wp-json\/wp\/v2\/types\/page"}],"author":[{"embeddable":true,"href":"https:\/\/m8.mech.pk.edu.pl\/index.php\/wp-json\/wp\/v2\/users\/1"}],"replies":[{"embeddable":true,"href":"https:\/\/m8.mech.pk.edu.pl\/index.php\/wp-json\/wp\/v2\/comments?post=5135"}],"version-history":[{"count":1,"href":"https:\/\/m8.mech.pk.edu.pl\/index.php\/wp-json\/wp\/v2\/pages\/5135\/revisions"}],"predecessor-version":[{"id":5136,"href":"https:\/\/m8.mech.pk.edu.pl\/index.php\/wp-json\/wp\/v2\/pages\/5135\/revisions\/5136"}],"wp:attachment":[{"href":"https:\/\/m8.mech.pk.edu.pl\/index.php\/wp-json\/wp\/v2\/media?parent=5135"}],"curies":[{"name":"wp","href":"https:\/\/api.w.org\/{rel}","templated":true}]}}